
Let g(v) = 0 + 5*v - 13 - 3*v + 0. Let k be (1 - 4) + 137 - 0. Let x be -1 + k/12 + (-5)/30. Calculate g(x).
7
Suppose 95 + 57 = 38*m. Let o(a) be the second derivative of a**6/360 - a**5/20 + a**4/4 + a**3/3 + 5*a. Let x(z) be the second derivative of o(z). Give x(m).
-2
Let k(u) = u**2 + 3*u + 1. Let v be k(-4). Let t(f) = -10*f - 15. Let m be t(-2). Let a(n) = -5*n**2 - 6*n - m*n**3 - 3 + 6*n**3 + 4*n - 1. Give a(v).
-14
Let b(u) be the first derivative of -u**4/4 + 4*u**3/3 + u**2/2 - 2*u - 2. Suppose 112 = -207*h + 199*h. Let d = 18 + h. Give b(d).
2
Let q(m) = -17*m**2 - 5*m - 34. Let t(v) = 31*v**2 + 9*v + 68. Let n(z) = -11*q(z) - 6*t(z). What is n(-6)?
-4
Let t = 144 - 139. Suppose 4*c - 5*c - 12 = -s, -c - t*s = -6. Let o(n) = n**2 + 10*n - 13. Give o(c).
-22
Suppose 0 = -4*d, 0 = -4*z - 5*z + 4*d - 0*d + 81. Let c(p) = -2*p**2 + 18*p + 10. Determine c(z).
10
Let m = 17822 + -17821. Let y(c) = 3*c + 1. Let u(d) = -3*d - 1. Let l(s) = -5*u(s) - 4*y(s). Determine l(m).
4
Suppose -12*k - 414 = -21*k. Suppose 0 = -5*o - y - k, 6*o - 5*y = 2*o - 31. Let z(g) = -g. Determine z(o).
9
Let u = 3262 - 3283. Let w(v) = v**3 + 20*v**2 - 18*v + 9. What is w(u)?
-54
Let r(a) = -17*a**3 + 23*a**2 - 24*a - 2. Let u = 213 - 206. Let g(t) = 12*t**3 - 15*t**2 + 16*t + 1. Let z(v) = u*g(v) + 5*r(v). Determine z(9).
6
Suppose 5 = 10*k + 5 - 70. Let y(l) = l**2 - 4*l - 17. Calculate y(k).
4
Let q(y) = 5*y - 7. Let o be q(3). Let n(p) = -40 + 77 - o*p - 35. Give n(-2).
18
Let y(z) = -z - 36. Suppose -6*r + 46*b = 47*b + 56, 2*r = 5*b - 8. Calculate y(r).
-27
Let h = 1 + 0. Suppose 51 = 43*p - 26*p. Let a(b) = 28*b**3 + 3*b**2 - 2*b + p*b**2 - 27*b**3 - 5*b**2 + b. Give a(h).
1
Let d(c) = 4*c**3 - 16*c**2 - 42*c + 10. Let i(v) = -v**3 + 5*v**2 - 5*v - 1. Let x(n) = -d(n) - 3*i(n). What is x(8)?
1
Let c be ((-7)/5)/((-13)/(16 - 81)). Let z(r) = 6*r + r**2 + 5 - r + 0. What is z(c)?
19
Let i(r) = 2*r**2 - 11*r + 8. Let g be 10/2 + 7 + -18 + (-5 - -17). Determine i(g).
14
Suppose -5*b - 5*s + 20 = -15, 5*b + 2*s - 29 = 0. Suppose 15376 = b*i - 21814. Let z(o) = -i + 3*o**3 + 7438 - o**2. Calculate z(1).
2
Let x(t) = -t**2 + 22*t - 38. Let l be 9*2 - (-75 + 76). Determine x(l).
47
Let u(t) = t - 1. Let g(w) = w**2 - 8*w + 3. Let i be g(8). Suppose -6*r + 2*d = -7*r - 1, 5*d - 3 = i*r. Let n be r*(-4)/16*-4 - 2. Determine u(n).
-4
Let q(z) = -z**2 + 3*z - 3. Suppose 67 + 398 = 155*k. Give q(k).
-3
Let i(h) = 15*h + 1. Let b(x) = -74*x - 7. Let c(t) = b(t) + 5*i(t). Let u = -12 - -18. Determine c(u).
4
Let f(v) = -805*v + 24. Let t be f(0). Let k(n) = -n**2 + 23*n + 19. Determine k(t).
-5
Let g(s) = 7*s**2 - 122*s + 54. Let q be g(17). Let f(a) = 7*a**2 - 93*a**3 + 0*a**2 - 1 + q - a**2 + 94*a**3. Give f(-6).
2
Let c(z) be the second derivative of 11/12*z**4 - 49 - 3*z**2 - 4/3*z**3 - 1/20*z**5 + 2*z. Give c(10).
14
Let c(f) be the first derivative of -23*f**3/3 + 2*f**2 - 5*f - 1769. What is c(1)?
-24
Let k(b) = -30 - 3 + 6 - 9 + 7*b - 37. Determine k(10).
-3
Suppose 0 = -5*g - 2*s, 9 = 2*g - 20*s + 19*s. Let i(a) be the third derivative of -a**3 + 1/120*a**6 + 0 - 5/24*a**4 + 1/12*a**5 - 5*a**g + 0*a. What is i(-5)?
19
Let y = -35 - -30. Let j(a) = -a**2 + 12*a - 17. Let d be j(13). Let t be (y/15)/(2/d). Let o(q) = q - 7. Determine o(t).
-2
Let r be (20/3)/4*3. Suppose 2*y + r*m - 90 = 0, 2*y = 2*m + 3*m + 90. Suppose f + y = -8*f. Let z(w) = -w**3 - 6*w**2 - 3*w + 3. Give z(f).
-7
Let d(j) be the third derivative of j**4/24 + 5*j**3/3 + 4444*j**2. Suppose 12 = 5*n + 47. Determine d(n).
3
Let j(s) = -7*s**2 - 3*s**3 - 2*s + 3*s**2 + 5*s**2 - s + 3*s**2. Let x be -4 - -1 - (-65)/5. Suppose -2*r - 3*r = -x. What is j(r)?
-14
Suppose 24 = m + 43*o - 48*o, 3*o = -m - 8. Suppose -m*v = -2 + 10. Let y(h) = h**3 + 5*h**2 + 2*h + 2. Give y(v).
10
Suppose -3*r + 4 + 5 = 0. Suppose 0 + 3 = -r*o. Let f(h) = 0 + 16*h**3 + 2 - 7*h**3 - 3 + h**2 - 6*h**3 - h. Calculate f(o).
-2
Let r(g) be the first derivative of 9*g**2/2 - 2*g + 23609. Let f(a) = -a**2 + 3*a + 1. Let o be f(4). Give r(o).
-29
Let m(x) = -42*x**2 + 11 + x**2 + 4*x + 42*x**2 + 8 + 7*x. What is m(-9)?
1
Let q(k) = k**3 + 2*k**2 - 3*k + 2. Let v be q(-3). Let p(r) = 177*r**2 + 6 + 179*r**v + 9*r - 357*r**2. Calculate p(7).
20
Let h be (0 - -5 - 1)*(-82 - -86). Let n(i) = -5 + h - 375*i + 374*i. Determine n(7).
4
Let l(i) = -7 - i**3 - 8*i + 4*i - 8*i + 9*i**2. Let q be l(7). Let m(u) be the second derivative of u**3/2 - 7*u**2/2 - 46*u. What is m(q)?
14
Let b(p) = p**2 + 4*p + 5. Suppose i = 2*i + 2*l - 51, -2*i - l + 114 = 0. Suppose 3*m = -0*m - c - 196, -4*m = -3*c + 244. Let o = i + m. Calculate b(o).
10
Let x = -17 - -12. Let h(t) be the first derivative of t**5/20 + 7*t**4/24 - 94*t**3 - 210. Let r(m) be the third derivative of h(m). What is r(x)?
-23
Let a(u) = -u**2 - 102*u + 645. Let z be a(6). Let n(m) = -m**2 - 5*m - 2. Give n(z).
4
Let n(u) be the second derivative of -7*u**5/10 - u**4/12 + u**3/6 + 101*u + 4. Determine n(1).
-14
Let w(o) = -1 - 4 - 158410*o + 158413*o + 23. Calculate w(-7).
-3
Let m(o) be the first derivative of -37*o**2/2 + 118*o - 830. Give m(3).
7
Let v(u) = -2*u**2 + u + 5. Suppose -3*g = 5*w - 72, -2*g - 1 + 9 = 0. Suppose 0 = h + 4*h - 4*m - 123, -5*m = -h + w. Let f = h + -23. Calculate v(f).
-23
Let s(l) = 0*l - 6 + l + 2. Let t = 227 - 225. Suppose -q - 24*c + t = -23*c, -4*q + 16 = -4*c. Give s(q).
-1
Let z(a) = 14*a**2 - 30*a - 18. Let s(r) = -3*r**2 - 14*r - 3. Let y(w) = 2*w**2 + w - 1. Let k(c) = -s(c) - 4*y(c). Let l(d) = -11*k(d) - 4*z(d). Give l(8).
11
Let s(l) = 16*l + 3*l**2 + 36 - 14*l**2 - 2*l**2. Let c(v) = -3*v**2 + 4*v + 9. Let o(z) = 9*c(z) - 2*s(z). What is o(6)?
-3
Let f(g) = 53435 - 35*g - 106856 - g**2 + 53427. What is f(-35)?
6
Let n(z) = -20*z - 3. Let f(h) = 67*h + 14. Let s(i) = 2*f(i) + 9*n(i). What is s(2)?
-91
Let f(j) = -25*j - 251*j**2 + 252*j**2 + 44*j - 23 - 29*j. Calculate f(14).
33
Let t(d) be the third derivative of 0*d - 1/120*d**6 - 5/24*d**4 - 49*d**2 + 0 + 7/3*d**3 - 7/60*d**5. Calculate t(-6).
8
Let j be (-3)/1*10/(-6). Suppose g = 12 - j. Let i(c) = 13*c - 5. Let o(v) = 7*v - 2. Let x(m) = 6*i(m) - 11*o(m). Determine x(g).
-1
Let n(u) be the third derivative of u**4/24 - 4*u**3/3 + u**2. Let p = 369 + -371. Let g(s) = s - 15. Let w(d) = p*g(d) + 5*n(d). Calculate w(7).
11
Let o(a) = -a**3 - a**2 - a - 1. Let w(f) = 3*f**3 + 6*f**2 - 4*f + 7. Let g(m) = -2*o(m) - w(m). Give g(-5).
-10
Let w be (-372)/(-27) - (-12)/54. Let o be (-60)/w - (-10)/35. Let t(v) = 3*v + 6. Determine t(o).
-6
Let b(l) = 2*l**2 + 6*l - 21. Suppose -3*q + 12 = 0, 4*y - 2*q + 29 = 45. What is b(y)?
87
Let t(l) = -6*l**3 - 2*l**2 + 1. Let j be 19/((-21)/(-36) + 1/(-4)). Suppose 0 = -d - 4 + j. Let g = 52 - d. Give t(g).
5
Let b(h) be the second derivative of h**4/4 + 4*h**2 + h. Let m(x) = -4*x**2 - 7. Suppose 0 = 19*v - 14*v + 30. Let u(j) = v*b(j) - 7*m(j). Determine u(1).
11
Let n(c) = 5*c**3 - 8*c**2 - c + 5. Let q(z) = z**3 - 8*z**3 + 7*z**2 - 4 + 11*z**3 - 7*z**3. Let p(k) = 2*n(k) + 3*q(k). Determine p(-5).
8
Suppose -6*f = -49 - 65. Let t(y) = 4 + 1 - y**2 - 4 + 11*y - f*y. What is t(-4)?
17
Suppose 15*z = 7*z + 80. Let t(s) = 12 - 2*s - z - 4*s. Calculate t(4).
-22
Let h be 0/(1 + 1 + -1). Let j(c) = -c**3 + 4. Let m be j(h). Suppose -13 = -m*k - 5. Let g(r) = 5*r - 3. Calculate g(k).
7
Let d(c) = c**2 + 2*c + 33. Let z be d(-21). Let y = 437 - z. Let f(a) be the first derivative of a**4/4 - 4*a**3/3 - 5*a**2/2 - 6*a - 1. What is f(y)?
-6
Suppose y - 5*d + 113 = 0, -y - 3*d - 28 - 77 = 0. Let z = -111 - y. Let i(n) = -2 - n + n**2 - 2*n + 8*n + 0*n**2. What is i(z)?
-8
Let r(u) = 2*u**3 - 7*u**2 + 3*u - 5. Let f(q) = -3*q**2 - 205*q + 353. Let x be f(-70). What is r(x)?
-5
Let q(k) be the third derivative of -k**6/120 + k**5/10 - k**4/24 + k**3/6 - 22*k**2 + 17. Determine q(5).
21
Let q = 11 + -16. Suppose 63*k - 53*k = 180. Let l(i) = k + 2*i - 63 + 52. What is l(q)?
-3
Suppose -15*i - 2*i = 0. Suppose 4*t = -2*s + 1 - 11, i = -t + s - 4. Let m(l) = -6*l - 4. Let h(d) = d. Let r(a) = -2*h(a) - m(a). What is r(t)?
-8
Let z(w) = -w - 3. Suppose 15 = -3*i, 0 = -3*l - 3*i + 7*i + 29. Suppose -l*n + 0*n = -7*n. Give z(n).
-3
Let z(k) be the second der